{"id":46,"date":"2026-04-06T22:45:41","date_gmt":"2026-04-06T22:45:41","guid":{"rendered":"https:\/\/lindlisauna.ch\/wordpress\/?page_id=46"},"modified":"2026-04-09T23:26:03","modified_gmt":"2026-04-09T23:26:03","slug":"anreise","status":"publish","type":"page","link":"https:\/\/lindlisauna.ch\/index.php\/anreise\/","title":{"rendered":"Anreise"},"content":{"rendered":"\n<h2 class=\"wp-block-heading\">So findest Du uns!<\/h2>\n\n\n\n<h2 class=\"wp-block-heading\">Adresse und Karte<\/h2>\n\n\n\n<p>Rheinhaldenstrasse 16<br>CH-8200 Schaffhausen<\/p>\n\n\n\n<iframe src=\"https:\/\/www.google.com\/maps\/embed?pb=!1m18!1m12!1m3!1d7776.60326551982!2d8.63326528071808!3d47.69518323689722!2m3!1f0!2f0!3f0!3m2!1i1024!2i768!4f13.1!3m3!1m2!1s0x47906f2a8c5208e7%3A0xa700d0c687a7f590!2sLindlisauna!5e1!3m2!1sde!2sch!4v1775515602867!5m2!1sde!2sch\" width=\"600\" height=\"450\" style=\"border:0;\" allowfullscreen=\"\" loading=\"lazy\" referrerpolicy=\"no-referrer-when-downgrade\"><\/iframe>\n\n\n\n<h2 class=\"wp-block-heading\">Mit dem \u00f6ffentlichen Verkehr<\/h2>\n\n\n\n<p>Anreise mit \u00d6V ab Bahnhof Schaffhausen: Bus Linie 8 Richtung &#8222;Im Freien&#8220; oder Linie 5 Richtung &#8222;D\u00f6rflingen\/Ramsen&#8220; bis Haltestelle &#8222;Rosentalg\u00e4sschen&#8220; oder zu Fuss durch die Altstadt, ca. 15 min.<\/p>\n\n\n\n<h2 class=\"wp-block-heading\">Mit dem Auto<\/h2>\n\n\n\n<p>Parkpl\u00e4tze befinden sich beim Eingang zum Gaswerk-Areal, im Parkhaus Schiffl\u00e4nde oder beim Restaurant Sommerlust.<\/p>\n\n\n\n<p>Achtung: Auf dem Gaswerk-Areal selbst darf leider nicht geparkt werden.<\/p>\n","protected":false},"excerpt":{"rendered":"<p>So findest Du uns! Adresse und Karte Rheinhaldenstrasse 16CH-8200 Schaffhausen Mit dem \u00f6ffentlichen Verkehr Anreise mit \u00d6V ab Bahnhof Schaffhausen: Bus Linie 8 Richtung &#8222;Im Freien&#8220; oder Linie 5 Richtung &#8222;D\u00f6rflingen\/Ramsen&#8220; bis Haltestelle &#8222;Rosentalg\u00e4sschen&#8220; oder zu Fuss durch die Altstadt, ca. 15 min. Mit dem Auto Parkpl\u00e4tze befinden sich beim Eingang zum Gaswerk-Areal, im Parkhaus &hellip; <\/p>\n<p class=\"link-more\"><a href=\"https:\/\/lindlisauna.ch\/index.php\/anreise\/\" class=\"more-link\"><span class=\"screen-reader-text\">\u201eAnreise\u201c <\/span>weiterlesen<\/a><\/p>\n","protected":false},"author":1,"featured_media":0,"parent":0,"menu_order":0,"comment_status":"closed","ping_status":"closed","template":"","meta":{"footnotes":""},"class_list":["post-46","page","type-page","status-publish","hentry"],"_links":{"self":[{"href":"https:\/\/lindlisauna.ch\/index.php\/wp-json\/wp\/v2\/pages\/46","targetHints":{"allow":["GET"]}}],"collection":[{"href":"https:\/\/lindlisauna.ch\/index.php\/wp-json\/wp\/v2\/pages"}],"about":[{"href":"https:\/\/lindlisauna.ch\/index.php\/wp-json\/wp\/v2\/types\/page"}],"author":[{"embeddable":true,"href":"https:\/\/lindlisauna.ch\/index.php\/wp-json\/wp\/v2\/users\/1"}],"replies":[{"embeddable":true,"href":"https:\/\/lindlisauna.ch\/index.php\/wp-json\/wp\/v2\/comments?post=46"}],"version-history":[{"count":4,"href":"https:\/\/lindlisauna.ch\/index.php\/wp-json\/wp\/v2\/pages\/46\/revisions"}],"predecessor-version":[{"id":259,"href":"https:\/\/lindlisauna.ch\/index.php\/wp-json\/wp\/v2\/pages\/46\/revisions\/259"}],"wp:attachment":[{"href":"https:\/\/lindlisauna.ch\/index.php\/wp-json\/wp\/v2\/media?parent=46"}],"curies":[{"name":"wp","href":"https:\/\/api.w.org\/{rel}","templated":true}]}}