{"id":62,"date":"2026-04-07T21:12:49","date_gmt":"2026-04-07T21:12:49","guid":{"rendered":"https:\/\/lindlisauna.ch\/wordpress\/?page_id=62"},"modified":"2026-04-08T23:15:16","modified_gmt":"2026-04-08T23:15:16","slug":"saunadoerfli","status":"publish","type":"page","link":"https:\/\/lindlisauna.ch\/index.php\/saunadoerfli\/","title":{"rendered":"Saunad\u00f6rfli"},"content":{"rendered":"\n<p>Die Lindlisauna bietet insgesamt acht abwechslungsreiche Saunen \u2013 jede mit ihrem eigenen Charakter: Von der grossen Aufguss-Jurte bis hin zum gem\u00fctlichen Saunag\u00f6ndeli ist alles dabei.<\/p>\n\n\n\n<h2 class=\"wp-block-heading\">\ud83c\udf3f Saunajurte<\/h2>\n\n\n\n<p>Herzst\u00fcck der Lindlisauna ist die Saunajurte. Anders als in der Rhysauna ist die Saunajurte am Lindli idyllisch eingebettet in den Saunagarten.<\/p>\n\n\n\n<figure class=\"wp-block-image size-large\"><img loading=\"lazy\" decoding=\"async\" width=\"1024\" height=\"768\" src=\"https:\/\/lindlisauna.ch\/wp-content\/uploads\/2026\/04\/Saunajurte_farbig-1024x768.jpg\" alt=\"\" class=\"wp-image-123\" srcset=\"https:\/\/lindlisauna.ch\/wp-content\/uploads\/2026\/04\/Saunajurte_farbig-1024x768.jpg 1024w, https:\/\/lindlisauna.ch\/wp-content\/uploads\/2026\/04\/Saunajurte_farbig-300x225.jpg 300w, https:\/\/lindlisauna.ch\/wp-content\/uploads\/2026\/04\/Saunajurte_farbig-768x576.jpg 768w, https:\/\/lindlisauna.ch\/wp-content\/uploads\/2026\/04\/Saunajurte_farbig-1536x1152.jpg 1536w, https:\/\/lindlisauna.ch\/wp-content\/uploads\/2026\/04\/Saunajurte_farbig-2048x1536.jpg 2048w\" sizes=\"auto, (max-width: 706px) 89vw, (max-width: 767px) 82vw, 740px\" \/><figcaption class=\"wp-element-caption\">Die Saunajurte bietet Platz f\u00fcr bis zu 40 Personen. Hier finden unsere Aufgussrituale mit den nat\u00fcrlichen, \u00e4therischen \u00d6len und der passenden Musik statt.<\/figcaption><\/figure>\n\n\n\n<p>Die Jurte mit Saunaofen in der Mitte bietet Platz bis zu 40 Personen. Hier finden regelm\u00e4ssig leidenschaftliche Aufg\u00fcsse, Banja- und R\u00e4ucherrituale unserer freiwilligen Saunameister statt. Aufgegossen wird nur mit nat\u00fcrlichen, \u00e4therischen \u00d6len. Nicht fehlen darf auch die passende Musik und die stimmungsvolle Beleuchtung!<\/p>\n\n\n\n<h2 class=\"wp-block-heading\">\ud83d\udea1 Saunag\u00f6ndeli<\/h2>\n\n\n\n<p>Klein aber fein \u2013 Das Saunag\u00f6ndeli besticht durch Gem\u00fctlichkeit und ist der ideale R\u00fcckzugsort f\u00fcr Zweisamkeit oder private Saunagespr\u00e4che. <\/p>\n\n\n\n<figure class=\"wp-block-image size-large\"><img loading=\"lazy\" decoding=\"async\" width=\"1024\" height=\"683\" src=\"https:\/\/lindlisauna.ch\/wp-content\/uploads\/2026\/04\/Bild_Saunagondel_SM25-1024x683.jpg\" alt=\"\" class=\"wp-image-120\" srcset=\"https:\/\/lindlisauna.ch\/wp-content\/uploads\/2026\/04\/Bild_Saunagondel_SM25-1024x683.jpg 1024w, https:\/\/lindlisauna.ch\/wp-content\/uploads\/2026\/04\/Bild_Saunagondel_SM25-300x200.jpg 300w, https:\/\/lindlisauna.ch\/wp-content\/uploads\/2026\/04\/Bild_Saunagondel_SM25-768x512.jpg 768w, https:\/\/lindlisauna.ch\/wp-content\/uploads\/2026\/04\/Bild_Saunagondel_SM25-1536x1024.jpg 1536w, https:\/\/lindlisauna.ch\/wp-content\/uploads\/2026\/04\/Bild_Saunagondel_SM25.jpg 1800w\" sizes=\"auto, (max-width: 706px) 89vw, (max-width: 767px) 82vw, 740px\" \/><figcaption class=\"wp-element-caption\">Die Saunagondel, erstmals im Einsatz am Saunamarathon, steht jetzt in der Lindlisauna.<\/figcaption><\/figure>\n\n\n\n<h2 class=\"wp-block-heading\">\ud83c\udf0a Rhyblick-Sauna<\/h2>\n\n\n\n<p>Die grosse, elektrisch beheizte Fass-Sauna mit Panorama-Frontglas bietet einen sch\u00f6nen Blick zum Rhein.<\/p>\n\n\n\n<h2 class=\"wp-block-heading\">\ud83d\udc0e R\u00f6ssliwagensauna<\/h2>\n\n\n\n<p>Geschichte trifft Hitze: Mit viel Liebe hat unser Manuel einen alten R\u00f6ssliwagen in eine urchige Sauna umgebaut.<\/p>\n\n\n\n<figure class=\"wp-block-image size-large\"><img loading=\"lazy\" decoding=\"async\" width=\"1024\" height=\"683\" src=\"https:\/\/lindlisauna.ch\/wp-content\/uploads\/2026\/04\/Roessliwagensauna_am_SM_290-quer-saunamarathon-2026-1024x683.jpg\" alt=\"\" class=\"wp-image-161\" srcset=\"https:\/\/lindlisauna.ch\/wp-content\/uploads\/2026\/04\/Roessliwagensauna_am_SM_290-quer-saunamarathon-2026-1024x683.jpg 1024w, https:\/\/lindlisauna.ch\/wp-content\/uploads\/2026\/04\/Roessliwagensauna_am_SM_290-quer-saunamarathon-2026-300x200.jpg 300w, https:\/\/lindlisauna.ch\/wp-content\/uploads\/2026\/04\/Roessliwagensauna_am_SM_290-quer-saunamarathon-2026-768x512.jpg 768w, https:\/\/lindlisauna.ch\/wp-content\/uploads\/2026\/04\/Roessliwagensauna_am_SM_290-quer-saunamarathon-2026-1536x1024.jpg 1536w, https:\/\/lindlisauna.ch\/wp-content\/uploads\/2026\/04\/Roessliwagensauna_am_SM_290-quer-saunamarathon-2026.jpg 1800w\" sizes=\"auto, (max-width: 706px) 89vw, (max-width: 767px) 82vw, 740px\" \/><figcaption class=\"wp-element-caption\">Die R\u00f6ssliwagen-Sauna, hier am Saunamarathon 2026<\/figcaption><\/figure>\n\n\n\n<h2 class=\"wp-block-heading\">\ud83c\udff0 Munotblick-Sauna<\/h2>\n\n\n\n<p>Schaffhausen im Panorama! Nicht fehlen darf nat\u00fcrlich eine Sauna mit Blick auf den Munot. So f\u00fchlt sich Schaffhausen richtig heiss an.<\/p>\n\n\n\n<h2 class=\"wp-block-heading\">\ud83d\udd25 Holzsauna mit Blick auf den Kastanienbaum<\/h2>\n\n\n\n<p>Natur pur! Das gibt&#8217;s in der holzbeheizten Fass-Sauna mit Blick auf den alten und gesch\u00fctzten Kastanienbaum.<\/p>\n\n\n\n<figure class=\"wp-block-image size-large\"><img loading=\"lazy\" decoding=\"async\" width=\"1024\" height=\"768\" src=\"https:\/\/lindlisauna.ch\/wp-content\/uploads\/2026\/04\/Holzfass-Sauna2-1024x768.jpg\" alt=\"\" class=\"wp-image-164\" srcset=\"https:\/\/lindlisauna.ch\/wp-content\/uploads\/2026\/04\/Holzfass-Sauna2-1024x768.jpg 1024w, https:\/\/lindlisauna.ch\/wp-content\/uploads\/2026\/04\/Holzfass-Sauna2-300x225.jpg 300w, https:\/\/lindlisauna.ch\/wp-content\/uploads\/2026\/04\/Holzfass-Sauna2-768x576.jpg 768w, https:\/\/lindlisauna.ch\/wp-content\/uploads\/2026\/04\/Holzfass-Sauna2-1536x1152.jpg 1536w, https:\/\/lindlisauna.ch\/wp-content\/uploads\/2026\/04\/Holzfass-Sauna2.jpg 2048w\" sizes=\"auto, (max-width: 706px) 89vw, (max-width: 767px) 82vw, 740px\" \/><figcaption class=\"wp-element-caption\">F\u00fcr wohlige W\u00e4rme sorgt der Holzofen (Bild: Holzfass-Sauna in der Rhysauna).<\/figcaption><\/figure>\n\n\n\n<h2 class=\"wp-block-heading\">\u26a1Lindliblick-Sauna<\/h2>\n\n\n\n<p>Wer an der Uferpromenade \u00abLindli\u00bb spazieren geht, hat sie sicher schon gesehen: Unsere Schwitzblitz-Sauna mit Aussicht direkt auf den Rhein.<\/p>\n\n\n\n<h2 class=\"wp-block-heading\">Finnland-Sauna<\/h2>\n\n\n\n<p>Mit dabei in der Lindlisauna ist auch die rustikale Sauna des Vereins Freunde Finnlands.<\/p>\n\n\n\n<figure class=\"wp-block-image size-large\"><img loading=\"lazy\" decoding=\"async\" width=\"1024\" height=\"768\" src=\"https:\/\/lindlisauna.ch\/wp-content\/uploads\/2026\/04\/Finnensauna_Sitztafel-1024x768.jpg\" alt=\"\" class=\"wp-image-126\" srcset=\"https:\/\/lindlisauna.ch\/wp-content\/uploads\/2026\/04\/Finnensauna_Sitztafel-1024x768.jpg 1024w, https:\/\/lindlisauna.ch\/wp-content\/uploads\/2026\/04\/Finnensauna_Sitztafel-300x225.jpg 300w, https:\/\/lindlisauna.ch\/wp-content\/uploads\/2026\/04\/Finnensauna_Sitztafel-768x576.jpg 768w, https:\/\/lindlisauna.ch\/wp-content\/uploads\/2026\/04\/Finnensauna_Sitztafel-1536x1152.jpg 1536w, https:\/\/lindlisauna.ch\/wp-content\/uploads\/2026\/04\/Finnensauna_Sitztafel-2048x1536.jpg 2048w\" sizes=\"auto, (max-width: 706px) 89vw, (max-width: 767px) 82vw, 740px\" \/><figcaption class=\"wp-element-caption\">Die Sauna der Finnen bietet original finnisches Saunafeeling ohne Schnickschnack.<\/figcaption><\/figure>\n\n\n\n<figure class=\"wp-block-image size-large\"><img loading=\"lazy\" decoding=\"async\" width=\"1024\" height=\"768\" src=\"https:\/\/lindlisauna.ch\/wp-content\/uploads\/2026\/04\/Finnensauna_SM_112-quer-saunamarathon-2026-1024x768.jpg\" alt=\"\" class=\"wp-image-167\" srcset=\"https:\/\/lindlisauna.ch\/wp-content\/uploads\/2026\/04\/Finnensauna_SM_112-quer-saunamarathon-2026-1024x768.jpg 1024w, https:\/\/lindlisauna.ch\/wp-content\/uploads\/2026\/04\/Finnensauna_SM_112-quer-saunamarathon-2026-300x225.jpg 300w, https:\/\/lindlisauna.ch\/wp-content\/uploads\/2026\/04\/Finnensauna_SM_112-quer-saunamarathon-2026-768x576.jpg 768w, https:\/\/lindlisauna.ch\/wp-content\/uploads\/2026\/04\/Finnensauna_SM_112-quer-saunamarathon-2026-1536x1152.jpg 1536w, https:\/\/lindlisauna.ch\/wp-content\/uploads\/2026\/04\/Finnensauna_SM_112-quer-saunamarathon-2026.jpg 1800w\" sizes=\"auto, (max-width: 706px) 89vw, (max-width: 767px) 82vw, 740px\" \/><figcaption class=\"wp-element-caption\">F\u00fcr Gastfreundschaft ist gesorgt: Unsere Finnen am Saunamarathon 2026<\/figcaption><\/figure>\n","protected":false},"excerpt":{"rendered":"<p>Die Lindlisauna bietet insgesamt acht abwechslungsreiche Saunen \u2013 jede mit ihrem eigenen Charakter: Von der grossen Aufguss-Jurte bis hin zum gem\u00fctlichen Saunag\u00f6ndeli ist alles dabei. \ud83c\udf3f Saunajurte Herzst\u00fcck der Lindlisauna ist die Saunajurte. Anders als in der Rhysauna ist die Saunajurte am Lindli idyllisch eingebettet in den Saunagarten. Die Jurte mit Saunaofen in der Mitte &hellip; <\/p>\n<p class=\"link-more\"><a href=\"https:\/\/lindlisauna.ch\/index.php\/saunadoerfli\/\" class=\"more-link\"><span class=\"screen-reader-text\">\u201eSaunad\u00f6rfli\u201c <\/span>weiterlesen<\/a><\/p>\n","protected":false},"author":1,"featured_media":0,"parent":0,"menu_order":0,"comment_status":"closed","ping_status":"closed","template":"","meta":{"footnotes":""},"class_list":["post-62","page","type-page","status-publish","hentry"],"_links":{"self":[{"href":"https:\/\/lindlisauna.ch\/index.php\/wp-json\/wp\/v2\/pages\/62","targetHints":{"allow":["GET"]}}],"collection":[{"href":"https:\/\/lindlisauna.ch\/index.php\/wp-json\/wp\/v2\/pages"}],"about":[{"href":"https:\/\/lindlisauna.ch\/index.php\/wp-json\/wp\/v2\/types\/page"}],"author":[{"embeddable":true,"href":"https:\/\/lindlisauna.ch\/index.php\/wp-json\/wp\/v2\/users\/1"}],"replies":[{"embeddable":true,"href":"https:\/\/lindlisauna.ch\/index.php\/wp-json\/wp\/v2\/comments?post=62"}],"version-history":[{"count":13,"href":"https:\/\/lindlisauna.ch\/index.php\/wp-json\/wp\/v2\/pages\/62\/revisions"}],"predecessor-version":[{"id":168,"href":"https:\/\/lindlisauna.ch\/index.php\/wp-json\/wp\/v2\/pages\/62\/revisions\/168"}],"wp:attachment":[{"href":"https:\/\/lindlisauna.ch\/index.php\/wp-json\/wp\/v2\/media?parent=62"}],"curies":[{"name":"wp","href":"https:\/\/api.w.org\/{rel}","templated":true}]}}