{"id":77,"date":"2026-04-07T21:16:58","date_gmt":"2026-04-07T21:16:58","guid":{"rendered":"https:\/\/lindlisauna.ch\/wordpress\/?page_id=77"},"modified":"2026-04-09T23:17:43","modified_gmt":"2026-04-09T23:17:43","slug":"eintrittspreise","status":"publish","type":"page","link":"https:\/\/lindlisauna.ch\/index.php\/eintrittspreise\/","title":{"rendered":"Eintrittspreise"},"content":{"rendered":"\n<h2 class=\"wp-block-heading\">Eintritte<\/h2>\n\n\n\n<p>In der Lindlisauna gelten folgende Preise <\/p>\n\n\n\n<figure class=\"wp-block-table is-style-stripes\"><table class=\"has-fixed-layout\"><tbody><tr><td>Einzeleintritt<\/td><td class=\"has-text-align-right\" data-align=\"right\">25 Fr.<\/td><\/tr><tr><td>Saisonabo (5 Monate)<\/td><td class=\"has-text-align-right\" data-align=\"right\">400 Fr.<\/td><\/tr><tr><td>11er-Abo<\/td><td class=\"has-text-align-right\" data-align=\"right\">250 Fr.<\/td><\/tr><\/tbody><\/table><\/figure>\n\n\n\n<p><a href=\"https:\/\/lindlisauna.ch\/index.php\/mitglied-werden\/\" data-type=\"page\" data-id=\"55\">Mitglieder des Lindlisauna-Vereins<\/a> sowie des Rhysauna-Vereins erhalten 20% Rabatt auf Einzeleintritte und 10% Rabatt auf Abos.<\/p>\n\n\n\n<h2 class=\"wp-block-heading\">Bademantel und Saunatuch mieten<\/h2>\n\n\n\n<p>Du entscheidest Dich spontan f\u00fcr einen Saunabesuch und hast keinen Bademantel dabei? Kein Problem. Wir vermieten und verkaufen auch Badem\u00e4ntel und Saunat\u00fccher.<\/p>\n","protected":false},"excerpt":{"rendered":"<p>Eintritte In der Lindlisauna gelten folgende Preise Einzeleintritt 25 Fr. Saisonabo (5 Monate) 400 Fr. 11er-Abo 250 Fr. Mitglieder des Lindlisauna-Vereins sowie des Rhysauna-Vereins erhalten 20% Rabatt auf Einzeleintritte und 10% Rabatt auf Abos. Bademantel und Saunatuch mieten Du entscheidest Dich spontan f\u00fcr einen Saunabesuch und hast keinen Bademantel dabei? Kein Problem. Wir vermieten und &hellip; <\/p>\n<p class=\"link-more\"><a href=\"https:\/\/lindlisauna.ch\/index.php\/eintrittspreise\/\" class=\"more-link\"><span class=\"screen-reader-text\">\u201eEintrittspreise\u201c <\/span>weiterlesen<\/a><\/p>\n","protected":false},"author":1,"featured_media":0,"parent":0,"menu_order":0,"comment_status":"closed","ping_status":"closed","template":"","meta":{"footnotes":""},"class_list":["post-77","page","type-page","status-publish","hentry"],"_links":{"self":[{"href":"https:\/\/lindlisauna.ch\/index.php\/wp-json\/wp\/v2\/pages\/77","targetHints":{"allow":["GET"]}}],"collection":[{"href":"https:\/\/lindlisauna.ch\/index.php\/wp-json\/wp\/v2\/pages"}],"about":[{"href":"https:\/\/lindlisauna.ch\/index.php\/wp-json\/wp\/v2\/types\/page"}],"author":[{"embeddable":true,"href":"https:\/\/lindlisauna.ch\/index.php\/wp-json\/wp\/v2\/users\/1"}],"replies":[{"embeddable":true,"href":"https:\/\/lindlisauna.ch\/index.php\/wp-json\/wp\/v2\/comments?post=77"}],"version-history":[{"count":5,"href":"https:\/\/lindlisauna.ch\/index.php\/wp-json\/wp\/v2\/pages\/77\/revisions"}],"predecessor-version":[{"id":254,"href":"https:\/\/lindlisauna.ch\/index.php\/wp-json\/wp\/v2\/pages\/77\/revisions\/254"}],"wp:attachment":[{"href":"https:\/\/lindlisauna.ch\/index.php\/wp-json\/wp\/v2\/media?parent=77"}],"curies":[{"name":"wp","href":"https:\/\/api.w.org\/{rel}","templated":true}]}}