{"id":81,"date":"2026-04-07T21:19:02","date_gmt":"2026-04-07T21:19:02","guid":{"rendered":"https:\/\/lindlisauna.ch\/wordpress\/?page_id=81"},"modified":"2026-04-08T22:27:11","modified_gmt":"2026-04-08T22:27:11","slug":"warm-und-kaltwasserpools","status":"publish","type":"page","link":"https:\/\/lindlisauna.ch\/index.php\/warm-und-kaltwasserpools\/","title":{"rendered":"Warm- und Kaltwasserpools"},"content":{"rendered":"\n<p>Zum richtigen Saunieren geh\u00f6rt die Abk\u00fchlung \u2013 am besten eiskalt: Wem der Rhein zu warm ist, dem wird unser K\u00e4ltebecken gefallen. Und f\u00fcr alle, die es lieben wohlig warm m\u00f6gen haben wir einen Holzbottich und einen umfunktionierten Milchzuber.<\/p>\n\n\n\n<figure class=\"wp-block-image size-large\"><img loading=\"lazy\" decoding=\"async\" width=\"1349\" height=\"1012\" src=\"https:\/\/lindlisauna.ch\/wp-content\/uploads\/2026\/04\/Pool_am_SM_293-quer-saunamarathon-2026-edited-1.jpg\" alt=\"\" class=\"wp-image-134\" srcset=\"https:\/\/lindlisauna.ch\/wp-content\/uploads\/2026\/04\/Pool_am_SM_293-quer-saunamarathon-2026-edited-1.jpg 1349w, https:\/\/lindlisauna.ch\/wp-content\/uploads\/2026\/04\/Pool_am_SM_293-quer-saunamarathon-2026-edited-1-300x225.jpg 300w, https:\/\/lindlisauna.ch\/wp-content\/uploads\/2026\/04\/Pool_am_SM_293-quer-saunamarathon-2026-edited-1-1024x768.jpg 1024w, https:\/\/lindlisauna.ch\/wp-content\/uploads\/2026\/04\/Pool_am_SM_293-quer-saunamarathon-2026-edited-1-768x576.jpg 768w\" sizes=\"auto, (max-width: 706px) 89vw, (max-width: 767px) 82vw, 740px\" \/><figcaption class=\"wp-element-caption\">Nichts ist gem\u00fctlicher als ein warmer Holzbottich mit Freunden (Foto: Saunamarathon 2026)<\/figcaption><\/figure>\n\n\n\n<p>Wer m\u00f6chte, kann sich gerne im offenen Rhein abk\u00fchlen. Oder mache es wie die richtigen Schaffhauserinnen und Schaffhauser. Laufe das Lindli hoch und lasse Dich im Rhein runtertreiben (nur f\u00fcr gute Schwimmer).<\/p>\n\n\n\n<figure class=\"wp-block-image size-large\"><img loading=\"lazy\" decoding=\"async\" width=\"1800\" height=\"1013\" src=\"https:\/\/lindlisauna.ch\/wp-content\/uploads\/2026\/04\/Bad_im_Rhein_122-quer-saunamarathon-2026-edited.jpg\" alt=\"\" class=\"wp-image-136\" srcset=\"https:\/\/lindlisauna.ch\/wp-content\/uploads\/2026\/04\/Bad_im_Rhein_122-quer-saunamarathon-2026-edited.jpg 1800w, https:\/\/lindlisauna.ch\/wp-content\/uploads\/2026\/04\/Bad_im_Rhein_122-quer-saunamarathon-2026-edited-300x169.jpg 300w, https:\/\/lindlisauna.ch\/wp-content\/uploads\/2026\/04\/Bad_im_Rhein_122-quer-saunamarathon-2026-edited-1024x576.jpg 1024w, https:\/\/lindlisauna.ch\/wp-content\/uploads\/2026\/04\/Bad_im_Rhein_122-quer-saunamarathon-2026-edited-768x432.jpg 768w, https:\/\/lindlisauna.ch\/wp-content\/uploads\/2026\/04\/Bad_im_Rhein_122-quer-saunamarathon-2026-edited-1536x864.jpg 1536w\" sizes=\"auto, (max-width: 706px) 89vw, (max-width: 767px) 82vw, 740px\" \/><figcaption class=\"wp-element-caption\">Abk\u00fchlung im Rhein (Foto: Saunamarathon 2026)<\/figcaption><\/figure>\n","protected":false},"excerpt":{"rendered":"<p>Zum richtigen Saunieren geh\u00f6rt die Abk\u00fchlung \u2013 am besten eiskalt: Wem der Rhein zu warm ist, dem wird unser K\u00e4ltebecken gefallen. Und f\u00fcr alle, die es lieben wohlig warm m\u00f6gen haben wir einen Holzbottich und einen umfunktionierten Milchzuber. Wer m\u00f6chte, kann sich gerne im offenen Rhein abk\u00fchlen. Oder mache es wie die richtigen Schaffhauserinnen und &hellip; <\/p>\n<p class=\"link-more\"><a href=\"https:\/\/lindlisauna.ch\/index.php\/warm-und-kaltwasserpools\/\" class=\"more-link\"><span class=\"screen-reader-text\">\u201eWarm- und Kaltwasserpools\u201c <\/span>weiterlesen<\/a><\/p>\n","protected":false},"author":1,"featured_media":0,"parent":0,"menu_order":0,"comment_status":"closed","ping_status":"closed","template":"","meta":{"footnotes":""},"class_list":["post-81","page","type-page","status-publish","hentry"],"_links":{"self":[{"href":"https:\/\/lindlisauna.ch\/index.php\/wp-json\/wp\/v2\/pages\/81","targetHints":{"allow":["GET"]}}],"collection":[{"href":"https:\/\/lindlisauna.ch\/index.php\/wp-json\/wp\/v2\/pages"}],"about":[{"href":"https:\/\/lindlisauna.ch\/index.php\/wp-json\/wp\/v2\/types\/page"}],"author":[{"embeddable":true,"href":"https:\/\/lindlisauna.ch\/index.php\/wp-json\/wp\/v2\/users\/1"}],"replies":[{"embeddable":true,"href":"https:\/\/lindlisauna.ch\/index.php\/wp-json\/wp\/v2\/comments?post=81"}],"version-history":[{"count":2,"href":"https:\/\/lindlisauna.ch\/index.php\/wp-json\/wp\/v2\/pages\/81\/revisions"}],"predecessor-version":[{"id":137,"href":"https:\/\/lindlisauna.ch\/index.php\/wp-json\/wp\/v2\/pages\/81\/revisions\/137"}],"wp:attachment":[{"href":"https:\/\/lindlisauna.ch\/index.php\/wp-json\/wp\/v2\/media?parent=81"}],"curies":[{"name":"wp","href":"https:\/\/api.w.org\/{rel}","templated":true}]}}